15). Calculate c(k).
4
Suppose 4*g + 7 = -i, 2*g - 4*i + 0*i = 10. Let z(p) = 15*p**2 + p. Calculate z(g).
14
Let n(h) = h**3 + 5*h**2 - h - 8. Let s be n(-5). Let l(m) = -2*m**2 - 5*m - 3. Calculate l(s).
-6
Let n(x) be the second derivative of 1/6*x**3 + 1/2*x**2 + 4*x + 0 + 1/12*x**4. Let c be (-16)/10 - (-4)/(-10). What is n(c)?
3
Suppose 3*d - 3*b = -17 + 47, 4*d = -b + 25. Let y(n) = 2*n - 7. Determine y(d).
7
Let o = -44 - -44. Let f = -10 + 15. Suppose f*d - d = o. Let z(n) = n - 3. Calculate z(d).
-3
Let s be 3 - (4 - 4 - -1). Let a(u) = u**2 - 2*u + 1. Calculate a(s).
1
Let v(r) be the third derivative of -r**5/60 + r**4/24 - 11*r**3/6 + 18*r**2. What is v(0)?
-11
Let h = -2 - 2. Let j(b) be the first derivative of b**3/3 + 3*b**2/2 + 4*b - 2. Calculate j(h).
8
Let o be 24/(-13) - 8/52. Let n(x) = -2*x**2 - 2*x + 1. Calculate n(o).
-3
Let p(d) = -d + 10 - 16 + 2*d. Give p(7).
1
Let x(g) = 3*g**3 + 4*g**2 - 4*g + 13. Let y(w) = 4*w**3 + 6*w**2 - 6*w + 19. Let l(k) = -7*x(k) + 5*y(k). What is l(3)?
-11
Let j(s) = -s**2 + 4*s + 3. Let d be j(4). Suppose d*g - 15 = 8*g. Let r(y) = y + 3. Determine r(g).
0
Let t(l) = -13*l + 1. Let z be ((-12)/18)/((-2)/(-3)). Calculate t(z).
14
Let p = 9 + -4. Let f(x) = x**3 - 2*x**2 + 3*x - 6. Let a(j) = 2*j**3 - 5*j**2 + 5*j - 12. Let s = 2 - 5. Let t(n) = s*a(n) + 5*f(n). Calculate t(p).
6
Let x(c) = -c**2 - 6*c - 7. Let u = 1 - -6. Let o = -12 + u. Give x(o).
-2
Let a(z) = -z**2 + z - 1. Let i(v) = -3*v**2 + v - 1. Let s(k) = 5*a(k) - i(k). Let b(m) = m**3 - 3*m**2 - 10*m + 3. Let j be b(5). What is s(j)?
-10
Let v(m) = m**3 + 6*m**2 + 5*m. Suppose 2*h + 3*h = 20. Let a be (10/h)/(1/4). Suppose -l - l - a = 0. Give v(l).
0
Let q(t) = -1 + 0*t**2 - 2 - 3 + t**2 - 5*t. Let m = 13 - 8. What is q(m)?
-6
Let q(o) be the second derivative of 2*o**3/3 + 2*o**2 + 3*o. What is q(-7)?
-24
Let a(r) = 3*r**3 + 7*r**2 - 11*r - 3. Let l(s) = 2*s**3 + 7*s**2 - 10*s - 4. Let z(g) = -3*a(g) + 4*l(g). Calculate z(6).
-13
Let c(m) be the first derivative of m**2/2 - 4*m + 20. Give c(6).
2
Let j(p) = p - 5. Let w be j(7). Suppose -l + 6 - w = 0. Let s(t) = t - 6*t + 6*t**2 - t**3 - t**2. Determine s(l).
-4
Let h(y) = y**2 - 7*y - 2. Suppose 0 = -11*r + 5*r + 42. Give h(r).
-2
Let o(d) = -4*d**3 - 7*d**2 + 7*d + 7. Let k(i) = 3*i**3 + 6*i**2 - 6*i - 6. Let p(t) = 7*k(t) + 6*o(t). What is p(-1)?
3
Let l(j) = -j**3 + 2*j**2 - j. Let t(x) = -x**3 + 9*x**2 - 6*x. Let g(u) = 4*l(u) - t(u). Calculate g(-2).
16
Suppose -2 = -s + 2. Let h(n) = 2*n**2 - 4*n - 2. Determine h(s).
14
Let u(t) = -t + 15. Let k = 19 - 19. What is u(k)?
15
Let b(c) = -c**2 - 1. Let m(o) = o**3 + 12*o**2 + 7. Let q(d) = 6*b(d) + m(d). Let p = -3 + -3. What is q(p)?
1
Let k(m) be the second derivative of m**4/12 - 2*m**3/3 - 2*m**2 - 3*m. Calculate k(4).
-4
Let v = 5 - -13. Let a = v - 18. Let c(m) = m - 2. Calculate c(a).
-2
Let c(t) = t. Let b(v) = -2*v - 3. Let f(k) = 5*k + 9. Let m(a) = 8*b(a) + 3*f(a). Let z(p) = -6*c(p) - 2*m(p). Determine z(-4).
10
Let y(f) = -f**3 + 8*f**2 + 9*f - 5. Let u be 3/6*22 + -2. Let h be y(u). Let t(i) be the first derivative of -i**2/2 - 6*i + 1. What is t(h)?
-1
Let h(v) = -5*v + 4*v + 6*v - v**2 - 3. Suppose -22 = -4*n + 26. Suppose -4*g = -g - n. Calculate h(g).
1
Let u(g) be the first derivative of 0*g**2 + 1/3*g**3 + 1 + 4*g. Calculate u(0).
4
Let s(v) be the first derivative of v**3/3 - 3*v - 1. Suppose -27*u + 1 = -28*u, -2*x = -5*u - 11. Determine s(x).
6
Suppose 3*a - 4*n = 35, -3*n - 25 = -3*a - n. Let q(x) = -a - x + 5 + 1. Determine q(-3).
4
Let w(h) = h**2 - h + 6*h - 2*h**2 + 6 + 2*h. Determine w(5).
16
Let l(h) = -2*h**2 + 6*h + 9. Let m(f) = -5*f**2 + 17*f + 26. Let g(c) = 8*l(c) - 3*m(c). Let z(k) be the first derivative of g(k). Calculate z(-2).
1
Let b(h) = -2*h**2. Let z = -1 - 1. Calculate b(z).
-8
Suppose -4*j + 9*j = 0. Let o(y) = -y - 1. Calculate o(j).
-1
Let i(k) be the second derivative of 0*k**5 + 0 + 0*k**3 + 1/720*k**6 + 0*k**2 + 2*k - 1/12*k**4. Let w(y) be the third derivative of i(y). Determine w(-3).
-3
Let f(o) = 4*o**2 - o. Let l be f(-1). Suppose 0 = -3*q + z - 13, -l*q - 3*z = -q. Let p(n) = n**3 + 2*n**2 - 4*n - 1. Give p(q).
2
Let l(h) be the third derivative of h**7/840 - h**6/72 + h**5/40 + h**4/12 - h**3/6 + 3*h**2. Let g(j) be the first derivative of l(j). Give g(3).
-7
Let r(h) = h**3 - 7*h**2 + 6*h - 8. Let b(k) = k - 1. Let y be b(7). What is r(y)?
-8
Let m(s) = -s - 9 - 5 + 0 + 9. Calculate m(8).
-13
Let i(r) be the second derivative of r**3/3 - 3*r**2/2 + r. Suppose 0 = -0*k + 5*k. Suppose 4*l + k*l - 12 = 0. Give i(l).
3
Suppose 4*r + 3*t - 2*t + 15 = 0, -3*r + 2*t - 14 = 0. Let u(h) be the second derivative of h**5/20 + h**4/4 - 5*h**3/6 - h**2/2 - h. What is u(r)?
3
Let j(b) be the first derivative of -9 - b - 1/3*b**3 + b**2 + 5/2*b**4. Give j(1).
10
Let t(d) = d - 1. Let m = -49 + 50. Give t(m).
0
Suppose p + 3 = 2*p. Suppose -n = -p*j, n - 4*j = -n - 4. Let c(m) = -m - 11. Calculate c(n).
-5
Suppose -14 - 10 = -4*z. Let n(c) = c - 12. Give n(z).
-6
Let a(h) be the second derivative of h**4/12 - h**3/3 + h**2 + 2*h. Let s be a(3). Let b(v) = -5*v - 6 + 6*v + s + 2*v**2. Give b(1).
2
Let z(i) = -2*i + 10. Suppose 3*x - 15 = 6. Calculate z(x).
-4
Let m(i) = -3*i**2 - 9 + 2*i**2 - 4 - i + 7. Let n be m(0). Let v(g) = g**2 + 8*g + 5. Calculate v(n).
-7
Let g = -6 + 2. Let q(u) = 7*u + 9. Let m(x) = 4*x + 5. Let n(a) = -5*m(a) + 3*q(a). Determine n(g).
-2
Let r(o) = -o**3 - 5*o**2 + o. Let x be r(-5). Let u be (-9)/(-5) + (-1)/x. Let j be u/3 - 11/3. Let w(g) = -g**2 - 3*g - 2. Calculate w(j).
-2
Let u be (1 + (-2)/(-4))*2. Let s(f) = u*f + f - 5 - 3*f. Suppose 5*h = 15 + 10. Calculate s(h).
0
Let z(q) be the third derivative of q**4/12 - q**3/3 + 5*q**2. Let y be ((-39)/(-13))/(2/(-2)). What is z(y)?
-8
Let j(q) = -q**2 - 4*q + 1. Let g = 0 - -3. Suppose 3*x + 4 = l, 4 = 4*l + 2*x - 12. Suppose -2*p + l = -7*p - 4*d, g*p + 5*d = 8. What is j(p)?
1
Let z(t) = 9*t**3 - t**2 - 2*t - 1. Suppose 0 = 5*g + 8*g + 13. Calculate z(g).
-9
Let d = -6 - -1. Let r(y) = 3*y + 5. Determine r(d).
-10
Let o = -115 - -105. Let y(h) = h + 5. Give y(o).
-5
Let k(b) = b**3 + b**2 + 1. Let d(v) = 5*v**3 + 6*v**2 - v. Let h(c) = d(c) - 6*k(c). What is h(0)?
-6
Let i(d) = d**3 - 5*d**2 - 7*d + 9. Let x be i(6). Suppose x*j - 1 = 5. Let u(r) = -j - 2 + 3*r - 3 + 4 + 2*r**2. Give u(-3).
6
Suppose 3*s = 3*i + 12, -3*i - 3*s = -5*s + 14. Let p(t) = -t**2 - 6*t - 8. Calculate p(i).
-8
Let n(u) = -u**3 - 3*u**2 + 2*u - 4. Let v be n(-4). Let p(y) = 5*y**2 + y - 1. Let z(i) = i**2 + i - 1. Let g(c) = -p(c) + 4*z(c). Determine g(v).
-7
Let w(x) = 1 - 1 - 3*x + x**2 - 6. Let u = 10 - 7. Suppose h - 6*h = u*z - 28, -4*h + 4*z + 16 = 0. Give w(h).
4
Let f(j) = 4*j - 23 + j**3 + 8*j**2 - 14 + 31. What is f(-7)?
15
Suppose -z + 1 = -5. Let y(b) = b**3 - 7*b**2 + 5*b - 2. Determine y(z).
-8
Suppose 0 = -5*w - 18 - 7. Let a(d) be the second derivative of d**5/20 + d**4/3 - d**3 + d**2 - 15*d. Determine a(w).
7
Let s(g) = g**2 + 4*g - 11. Suppose 11 = 2*o - 5. Suppose 0 = 4*c + 4*w + 36, 4*w - 2*w = -o. Let z(x) = 2*x - 5. Let b(h) = c*z(h) + 2*s(h). What is b(2)?
7
Let g be ((-18)/(-45))/(4/50). Let n(v) be the third derivative of -5/6*v**3 + 0 + 0*v + 1/12*v**g + v**2 + 1/120*v**6 + 0*v**4. What is n(-5)?
-5
Suppose -j - 3 = 5*y - 5, 5*j = -15. Let f(u) = -2*u**3 - 6*u + 0*u + 4*u + 1. What is f(y)?
-3
Let m(b) be the first derivative of b**3/3 + 3*b - 9. Determine m(0).
3
Let y = -99 - -97. Let w(n) = n**3 + n - 1. Determine w(y).
-11
Let j = 10 - 1. Let a(s) = -7 + 2*s**2 - s**2 + j*s - 8*s - s**3. What is a(0)?
-7
Let g(h) = h**2 - 4*h - 6. Let p be (0 + -1)/(3/15). Let i(k) = -k**2 - 6*k + 1. Let d be i(p). Give g(d).
6
Let u = 46 + -919/20. Let j(o) be the second derivative of 1/2*o**3 - u*o**5 + 4*o + 0 - 1/2*o**2 - 1/4*o**4. What is j(-4)?
3
Let w(k) = -7*k. Let h be w(-1). Suppose -3*t + h = y + 3*y, -4*t + 1 = -3*y. Let b(s) = s**2. Give b(y).
1
Let m(z) be the first derivative of -1/24*z**4 + 0*z - 1/3*z**3 + 1 + 1/2*z**2. Let i(n) be the second derivative of m(n). Give i(4).
-6
Let c(b) = 3*b**2 + 3*b + 3. Let r(w) = 16*w**2 + 14*w + 14. Let g(j) = -11*c(j) + 2*r(j). Calculate g(-4).
-1
Let